 39. Let s be (-158)/18 - (-3 + 87/27). Is 2828/j - (-1)/s a composite number?
False
Suppose 0 = 4*v + 5*r - 5605, -9*r - 5629 = -4*v - 6*r. Is v composite?
True
Suppose 2627 = 2*r - 307. Suppose 891 = 3*j - 3*m, -5*j - 6*m + r = -2*m. Is j prime?
False
Suppose -6*q + y = -3*q - 2, -y + 4 = 0. Let v be -9*q/(3 + -9). Is ((-8)/12 - v)*-3 composite?
False
Let x(l) = 34*l**2 + 30*l + 105. Is x(-8) composite?
True
Suppose -31*h + 35*h - 8 = 0, -4*h + 321670 = 2*i. Is i prime?
False
Let l = -61381 - -98084. Suppose -2*w - 15*w + l = 0. Is w a composite number?
True
Let f(r) be the second derivative of 7*r**3/6 - 8*r**2 + 5*r. Let v(t) = -t. Let k(i) = -f(i) - 6*v(i). Is k(-7) composite?
False
Let w(x) = x**2 - 8*x - 16. Suppose 0*m + z = -m + 8, -5*m = -z - 52. Let f be w(m). Is 2495/f + 27/(-36) composite?
True
Let m(h) = -h - 2. Let g be m(-7). Suppose 0*o = 5*d - g*o - 430, 259 = 3*d - 2*o. Is d a composite number?
True
Suppose -4*d - k = -413, 0 = d - 4*k + 1 - 100. Let n = d + -38. Is n a prime number?
False
Is 5 - 100/(-15)*390 a prime number?
False
Suppose 4*a - 6 = 10. Suppose 3*y - 2*q = -3*q + 1787, 3*q + 2400 = a*y. Suppose 7*f = 4*f + y. Is f a prime number?
True
Suppose -13*j + 32622 = -46717. Is j composite?
True
Suppose 95*l + 14861 = 102*l. Is l prime?
False
Is (0 - (-5)/10)/((-1)/(-1490)) prime?
False
Let v = -75 - 41. Let j = 207 + v. Is j composite?
True
Let v = 2250 + 61. Suppose -4*z + v + 3741 = 0. Is z a composite number?
True
Let z(a) = a**2 - 13*a + 33. Let m be z(9). Let c(i) = -8*i + 2. Is c(m) prime?
False
Suppose -111724 = -8*h + 68524. Is h prime?
True
Let q(x) = x**2 - x - 1. Let f be q(-1). Let u be ((2 - 2) + f)*3. Suppose 5*c + 3*k - 1207 = 72, 0 = -3*c + u*k + 753. Is c prime?
False
Suppose 0 = 4*s - 5*s + 2. Suppose -b + s*r = -3*r - 1095, 5*r + 5555 = 5*b. Is b prime?
False
Suppose 3 = -2*q - 9. Let t(g) = 19*g**2 + g - 6. Let d be t(q). Suppose -d = -4*s - 100. Is s a prime number?
False
Suppose 0 = -4*l + 3*w - 11, w + 7 = -5*l - 2*w. Let o be 0/((-1 - l)*-2). Suppose 5*u = -o*u + 845. Is u a prime number?
False
Let w = -12904 + 21545. Is w a composite number?
False
Suppose z = -3*n + 528901, 4*n + 176295 = 5*n - z. Is n a composite number?
False
Suppose -10 = -5*z + 5. Suppose z*p = y + 2, -2 = 3*y - 2*p - 3. Is y - (-596)/((-6)/(-3)) composite?
True
Let r(t) = -3*t - 13. Let l be r(-5). Suppose -l*m - 613 = -0*q - 3*q, -5*m - 213 = -q. Is q prime?
False
Let p(h) be the first derivative of -h**3/3 + 37*h**2/2 + 7*h - 13. Is p(12) a composite number?
False
Let g(w) = -7*w**3 - 7*w**2 - 118. Let b(c) = -4*c**3 - 4*c**2 - 59. Let o(y) = 5*b(y) - 3*g(y). Is o(0) a composite number?
False
Let b(w) = w**2 - 7*w - 9. Let q be b(9). Suppose -q = -7*a + 4*a. Suppose -124 = -f - a*f. Is f prime?
True
Let z(s) = 289*s**2 + 10*s + 8. Let b = 46 + -49. Is z(b) prime?
True
Is 4 + -1 - (-4 + -6593 + -5) a prime number?
False
Let p = 13166 + -7444. Is p prime?
False
Let k(t) = -7*t + 15. Let h be k(2). Is (1 + -2 + h/2)*-674 a composite number?
False
Suppose -4*i - 4*q = 3931 - 17867, -2*i + 5*q = -6947. Is i a composite number?
True
Let f be 4 + (-3 - -4) + 0. Suppose -f*q + 1 = -14. Suppose -2*n - 33 = -q*n. Is n a prime number?
False
Let v = 27662 + -14733. Is v a prime number?
False
Is (-141755)/(-25) - ((-168)/30)/7 a prime number?
False
Let i = 1568 + -862. Suppose -5*k - 5*z + 1596 + 1904 = 0, -k + 5*z = -i. Is k a prime number?
True
Let t(f) = 264*f**2 + 8*f - 1. Is t(-2) a prime number?
True
Let m = -33 - -39. Let z be (2 - 0)/(m/2655). Suppose 4*b + z = 7*b. Is b a composite number?
True
Let f(o) = o**2 - o - 581. Let u be f(0). Let r = -102 - u. Is r prime?
True
Let l be (-78261)/(-15) - 14/35. Suppose 0*k = 3*k - l. Is k a prime number?
False
Suppose 14*k - 39*k + 256175 = 0. Is k a prime number?
True
Let c = 22 - 15. Suppose -c*w + 6*w + 317 = 0. Is w composite?
False
Suppose 103 = 3*a + y, 0 = 2*a - 0*a - 5*y - 63. Let g = 341 - a. Is g a prime number?
True
Let n(q) = 127*q + 15. Is n(8) a composite number?
False
Let k(j) = 2449*j**2 + 3*j - 11. Is k(2) a composite number?
False
Is 15/(-3) - (-3 + 2 - 27045) a prime number?
False
Suppose 8*k = 7*k - 4. Let q(m) = -2 + 1 - m**3 - 2 - 3*m**2 + m. Is q(k) a composite number?
True
Let f(j) = -2*j + 3*j**2 + 8 + j**2 - j**2 + 8*j**3. Let h be f(6). Suppose -b + 3 = 0, h - 327 = 2*t + 5*b. Is t a prime number?
False
Let q(o) be the first derivative of 5*o**3/3 - o**2 - 4*o - 1. Is q(3) a composite number?
True
Let c(f) = f**2 - 2*f + 14. Let s be (-1 + -1)/((-1)/(-14)). Let j = -15 - s. Is c(j) a composite number?
False
Let q be (-3)/(-21) - (0 - (-68)/(-14)). Suppose r - q*r + 6620 = 0. Is r a composite number?
True
Let u = 5 + 9. Let b be -3*u*67/6. Let d = -252 - b. Is d composite?
True
Let s(l) be the second derivative of 5*l**4/3 + l**3/2 - 6*l**2 + 20*l. Is s(13) a composite number?
False
Let y = 150 + -150. Suppose 0 = 5*x - g - 4343, y*g - 2*g = -x + 865. Is x a prime number?
False
Suppose -3*m + 3*q + 86 - 5273 = 0, 2*m = -4*q - 3458. Let x(u) = -98*u + 22. Let r be x(9). Let j = r - m. Is j a composite number?
True
Suppose 15*q - 12*q - 15689 = 2*r, 5*q - 2*r = 26143. Is q prime?
True
Suppose -t + 3*t + 3*s - 3116 = 0, 0 = 2*s + 4. Is t a prime number?
False
Let b(s) = -s**3 - 5*s**2 - 6*s - 1. Let k be b(-4). Suppose a + 5 - k = 0. Suppose a*n - 674 = 152. Is n a composite number?
True
Let k = 8326 + 23059. Is k a prime number?
False
Let c = 1403 + -1180. Is c prime?
True
Suppose a + 199 = -3*k, 2*k - 4*a + 276 = -2*k. Let m = 15 - k. Is m a prime number?
False
Let n be (-1)/(-2) + (-198)/4. Suppose -2*c = -3*x - 9, 5*c - 17 = 4*x + 2. Is (-54628)/n + x/(-7) a prime number?
False
Let o(b) = b**2 - 9*b + 9. Let q be o(6). Let m = 13 + q. Suppose -4*j + 1467 = 5*c, m*j + 499 + 99 = 2*c. Is c composite?
True
Let u be (11 - 8) + (881 - 1). Let z = 2063 - u. Suppose 2*c = 2*j - 0*j + 582, 0 = -4*c - 4*j + z. Is c a prime number?
True
Let u(r) = r**3 + 4*r**2 - 7*r - 8. Let h be u(-5). Let z = 157 + h. Is z a composite number?
True
Let b = -14 + 9. Let i = b - -5. Is (40 - (i + -3))*13 prime?
False
Is 61*(-181)/(-4) - (-81)/108 a composite number?
True
Suppose 0 = 3*a - 5*a - 18. Let j(b) = -96*b + 29. Is j(a) a composite number?
True
Suppose -u + 2 = -q, -2*q = 5*u - 35 + 4. Let x = -239 + 311. Let i = u + x. Is i a prime number?
False
Let l = 2878 - 1313. Is l composite?
True
Suppose 2 + 82 = 4*f. Suppose m - 5 = 0, f = -2*o - 0*o + 5*m. Suppose -o*c + 153 = k, k + k = -c + 294. Is k composite?
True
Suppose -6 = 13*g - 10*g, -4*x = 4*g - 5012. Is x composite?
True
Let q be (-207)/(-21) + (-3)/(-21). Is 4*((-4)/q + (-22141)/(-140)) prime?
True
Is -6 + 524*7/4 composite?
False
Let w be (3680/(-6))/((-4)/12). Suppose -j - 3*j - w = 0. Is j/(0 - 4) + -4 composite?
True
Let v = 514 - 237. Let u = -188 + v. Is u a composite number?
False
Suppose 0 = 153*y - 151*y + 10. Is y - ((-149)/1 - 5) prime?
True
Suppose 0 = -4*o - 0*o + 928. Let w = 495 - o. Is w a composite number?
False
Is (-15787*1/5)/((-17)/85) prime?
True
Let u(p) = 13*p - 10. Let g(c) = 39*c - 29. Let k(d) = 6*g(d) - 17*u(d). Suppose -2*w + 6*w = 5*j + 50, -55 = -3*w - 5*j. Is k(w) a composite number?
False
Let u(j) = 214*j**2 + 3*j - 2. Is u(-5) composite?
False
Suppose 0 = -2*g - 2*i + 25702, -3*g + 4*i = 3*i - 38561. Is g prime?
True
Let h = 9462 + -4543. Is h a composite number?
False
Suppose -4*v - 674 + 7714 = 0. Let x = v + -821. Is x composite?
True
Let n(w) be the first derivative of -w**2 + 6*w - 2. Let s be n(-5). Suppose -18*b = -s*b - 254. Is b composite?
False
Let k = 1434 + -665. Is k a composite number?
False
Suppose -5*y + 22970 = -5*x, 4*y + 4*x - 10741 - 7611 = 0. Is y a prime number?
True
Let d = -288 - -776. Suppose 2*t - 4*h = 234, -4*t - 2*h = -0*t - d. Suppose -6 - t = -p. Is p composite?
False
Is ((-226)/6)/(((-10)/1065)/2) composite?
True
Suppose 768996 = 16*d + 20*d. Is d prime?
False
Let w(x) = x - 9. Let h be w(13). Let b be 942/h + 2/(-4). Suppose 5 = -5*o + b. Is o composite?
True
Let m = 47192 - 20265. Is m a composite number?
False
Suppose -2*u + 319 = -97. Let x = -69 + u. Is x a composite number?
False
Let t(d) = -141*d**3 + 3*d - 7. Is t(-4) prime?
False
Suppose 